the third derivative of -g**6/120 - g**5/15 - g**3/3 - 2*g**2. Calculate o(q).
-10
Let w(f) = -13*f - 5*f**2 + 16 + 0*f - f**2 - 9*f**2 - f**3. Let q be w(-14). Let l(u) = -2 + 2*u + 3 - 1 - 4 - u**q - u**3. Give l(-3).
8
Let z(w) = 5*w - 1. Let h be z(1). Suppose 0 = 4*j + h, g + 3*j = -3 + 2. Let n(s) = -g*s + 2 - 4 + s. What is n(-3)?
1
Let a(k) = -13*k + 4. Let f(p) = 4*p - 1. Let j be -4 - (-3 - 0 - 3). Let g(z) = j*a(z) + 7*f(z). Suppose -7*n + 3*c = -2*n + 19, 0 = -4*n + c - 11. Give g(n).
-3
Let i(c) = 2*c**2 + 11*c + 15. Let s(l) = l**2 + 5*l + 3. Let v(t) = -i(t) + s(t). Calculate v(-7).
-19
Let j(q) = -17*q + 16. Let k(v) = 16*v - 14. Let a(c) = 5*j(c) + 6*k(c). What is a(-3)?
-37
Let p(v) = 25 - 2*v - 16 - 4 - 16. Calculate p(-6).
1
Let b(l) = 1 + 2*l - 1 + 6. Let o = -37 - -41. Suppose 3*y = -o - 14. What is b(y)?
-6
Let f(o) = -3*o**2 + 13*o + 9. Let n(u) = -u**2 + u + 1. Let j(x) = f(x) - 4*n(x). Suppose 36 = 2*i - 6*i - 4*r, 4*r = 4. Let h = i - -4. Give j(h).
-13
Let o(s) = 35*s - 1. Let w(k) = -146*k + 6. Let b(p) = 25*o(p) + 6*w(p). Give b(21).
-10
Let j(i) = -7*i - 11. Let n(g) = 13*g + 21. Let w(q) = -11*j(q) - 6*n(q). Let x be w(-9). Let h(v) = -5*v - 17*v**2 + 12*v**2 - 1 - 2*v + x*v**2. What is h(-6)?
5
Let k be (-17)/5 - 22/(-55). Let n(p) = 1. Let b(m) = m - 1. Let x(c) = -b(c) - 5*n(c). What is x(k)?
-1
Suppose -3*l + 15 = -3*t, -12 = -5*t - 4*l - 37. Let g(x) = -x**3 - 7*x**2 - 5*x - 5. Give g(t).
-30
Let l(i) = 4*i - 1. Let j(x) = x. Let c(r) = 5*j(r) - l(r). Suppose 9*m + 3*a + 25 = 5*m, m = -3*a - 4. Calculate c(m).
-6
Let g(d) = d**3 - d**2 - d - 7. Let o(j) = -13*j**3 + 3*j**2 + 0*j + 14 + 11*j**3 + j. Let q(v) = 13*g(v) + 6*o(v). Determine q(-6).
-1
Let m(s) = -5 - s**2 + 9*s - 2*s + 1 - 5. Let n(t) = -2 + 0*t - 7*t + 1 - t - t**2. Let g be n(-7). Determine m(g).
-3
Let r(o) = 3*o**3 + 4*o**2 - 2*o + 2. Let s(k) = 7*k**3 + 8*k**2 - 3*k + 6. Let l(z) = -5*r(z) + 2*s(z). Calculate l(-4).
-14
Let m(u) = -4*u**3 + 5*u - 1. Let h(n) = -5*n**3 + 6*n - 1. Let z = 9 + -3. Let f(k) = z*m(k) - 5*h(k). Calculate f(1).
0
Let n(v) = -v**3 - 6*v**2 - 8*v + 5. Let o be n(-4). Suppose 3*l - s = 11, -l - 2*l = 4*s + 14. Let c(i) = 3*i + 5 + 2*i**2 - 10*i**2 + 7*i**l. What is c(o)?
-5
Let i = -35 + 37. Let l(b) = -b + 10 - b**i + 15 + 2*b - 20. Determine l(-4).
-15
Let z = 124 - 116. Let s(w) = -2*w - 10*w - 8*w + 19*w + z. Suppose -u - 3 + 7 = 0. What is s(u)?
4
Let s(c) = -3*c**3 - c**2 - c + 1. Let f(y) = -4*y**3 - 2*y**2 - 3*y + 1. Let l(v) = 2*f(v) - 3*s(v). Calculate l(-3).
-28
Suppose 33 = 5*v - 4*k, 0*v + 4*k = -4*v + 12. Suppose -3 = -2*d - 4*l + v, -4*d + 5*l + 42 = 0. Let s(i) = -2*i + 9. Give s(d).
-7
Let u(a) = -2*a**2 + 6*a - 6. Let h(s) = -13*s**2 + 65*s + 2. Let x be h(5). Calculate u(x).
-2
Let i(z) be the second derivative of z**7/840 + z**6/45 + 7*z**5/120 - z**4/24 + 3*z**3/2 - 12*z. Let k(g) be the second derivative of i(g). What is k(-7)?
-1
Let s(h) = -2 + 7*h + 27 + h - 3*h. What is s(-5)?
0
Let u(m) = -2*m**2 - m + 2. Let k be ((-39)/(-52))/(2/(-8)). Determine u(k).
-13
Let k(h) = -4*h + 8. Suppose 75*n = 63*n + 24. Calculate k(n).
0
Let i(o) be the third derivative of -o**5/60 + 5*o**4/24 - 3*o**3/2 - 189*o**2. What is i(4)?
-5
Let r(k) = 30*k - 29*k + 6 + 1 + 6*k**2 + k**3. What is r(-6)?
1
Let j(k) = 17*k**2 + 1. Let g = 16 - 19. Let d(w) = w**2 + w - 7. Let y be d(g). Give j(y).
18
Suppose 5*d = 3*h - 30, 0*d - 19 = -5*h - 2*d. Let r(t) = 5*t. Let z(p) = 5*p. Let a(j) = h*r(j) - 4*z(j). Let s(v) = v - 6. Let x be s(5). Calculate a(x).
-5
Suppose g + 84 = 6*g - 2*v, -5*v = 4*g - 54. Let s = 19 - g. Let p(t) = -6*t + 3*t**3 + 2 - 3*t**2 - 2*t**3 + 8*t**2 - 2*t**s. Determine p(4).
-6
Suppose -23 = -3*k + 4. Suppose k*g + 9 = 6*g. Let d(z) = 3*z + 1. Let f(c) = -2*c - 1. Let m(b) = -4*d(b) - 5*f(b). Calculate m(g).
7
Let t(g) be the third derivative of -g**6/120 + g**5/20 + 3*g**4/8 + 4*g**3/3 + 97*g**2. Determine t(5).
3
Suppose -2*z + 0*z = -2*w - 58, 0 = 2*w - 8. Let d(k) = 13 - z + 6*k + 18. Determine d(2).
10
Let z(b) = -7 + b + 0*b + 4. Let w = -15 - -21. Determine z(w).
3
Let n(t) be the second derivative of -t**5/20 - 2*t**4/3 - 4*t**3/3 - 5*t**2/2 + 10*t + 1. Determine n(-7).
2
Let s be 2/(-16) - 150/(-48). Let l(b) = 339*b - 679*b + 343*b. Give l(s).
9
Let p be ((-1)/(-2))/(1/(-4)). Let x(f) = 30*f - 1. Let v(u) = 6*u. Let o(c) = 6*v(c) - x(c). Calculate o(p).
-11
Suppose -6*b = -3*b - 6. Suppose -3*x = -b + 20. Let d(f) = -3*f - 7. Give d(x).
11
Suppose -6*q = -q + 5*i, 20 = -q + 4*i. Let j(w) = w**2 + 4*w - 5. Determine j(q).
-5
Let t(n) = 7 + 2*n**2 - 2 - 660*n + 658*n - 19*n**3 - 1 - 2. Calculate t(1).
-17
Let x(q) = q**3 - q**2 + q - 1. Let f(z) = 3*z**3 - 8*z**2 + 7*z - 8. Let y(g) = -g**2 - 6*g + 1. Let r be y(-6). Let v(a) = r*f(a) - 4*x(a). Calculate v(-5).
6
Let r(o) = -2*o - 28. Let d be r(-16). Suppose d = -3*y - k + 1, -y = -k + 5. Let m(f) = -2*f**2 - 3 - f**3 - f**2 - 3*f + f**2. What is m(y)?
3
Let v(b) = b + 17. Let h be (4 - (-2 + 6))/(-2). Suppose -2 + 1 = 2*i - 5*x, 3*i - 3*x + 15 = h. What is v(i)?
9
Let z(b) = 2*b**2 - 1. Suppose 0*l + 2*l - 12 = 0. Let t be 2*3/l + 7. Let o(u) = u - 9. Let c be o(t). Give z(c).
1
Let o be (-270)/(-33) - (3 - (-62)/(-22)). Let x(p) = -p + 5 + 6 - 8. Calculate x(o).
-5
Let r(o) = -5*o**3 - 2*o**2 - 5*o + 4. Let i(y) = -4*y**3 - 5*y + 4. Let v(m) = -4*i(m) + 3*r(m). What is v(5)?
-4
Let l be (-1)/(-8)*(26 - -2)*2. Let z(a) = a**2 - 4*a + 14. What is z(l)?
35
Let b(h) be the first derivative of 79*h + 27 + 18 + 4 - 81*h - h**3. Determine b(2).
-14
Let t = 349 + -343. Let u(d) = d**2 + 8*d + 5 + d**3 - 3*d**2 - 6*d**2. Determine u(t).
-19
Let s(i) be the third derivative of -7*i**5/60 - i**4/24 + i**3/6 + 15*i**2. Let g(r) be the first derivative of s(r). What is g(-1)?
13
Let m(i) = 7 + 10*i + 2745*i**2 - 2744*i**2 + i. Calculate m(-9).
-11
Let j(z) = z**2 - 5*z - 10. Let s be j(6). Let k be (1/(-2))/(s/(-40)). Let v(n) be the third derivative of n**5/60 + 5*n**4/24 + n**3 - 2*n**2. Give v(k).
6
Suppose -g = 7 + 3. Let c = -5 - g. Let i(b) = b**2 - 4*b - 6. Calculate i(c).
-1
Let v = 26 + 37. Let u = 67 - v. Let s(g) = -5*g**2 + 3*g + 6. Let n(l) = 14*l**2 - 9*l - 17. Let q(h) = -4*n(h) - 11*s(h). Calculate q(u).
-2
Suppose -3*w - 165 = -36*w. Let a(i) = -i**2 + 8*i - 8. Calculate a(w).
7
Let f(l) = -l**2 - 3*l + 2. Suppose i + c - 3 + 89 = 0, 0 = 5*i - 2*c + 395. Let r be ((-1)/3)/(3/i). Suppose r = -m - 2*m. Calculate f(m).
2
Suppose -4*q = -6*q - n, 0 = -3*n. Suppose 3*h = -1 + 10. Let t(y) = 11 - h - 3*y + 4*y + y**2. Calculate t(q).
8
Let z(h) = 87 + 3*h**2 - 47 - 2*h**3 - 2*h - 42. Suppose -2*g + 0*g = -4. What is z(g)?
-10
Let t(b) = b - 3. Let m be ((-1)/(-4))/(-5 - (-133)/28). Let u be (m/(-2))/((-8)/64). What is t(u)?
-7
Let s be (-67 - -70)/((-2)/((-16)/(-6))). Let j(h) be the second derivative of 7/6*h**3 + 1/6*h**4 + 2*h**2 + 0 + h. Give j(s).
8
Suppose -5*c + 28 = -5*d - 27, 0 = -c - 3*d + 19. Let t = 15 - c. Let a(r) = 2 + t*r - r + 0*r. Calculate a(-2).
0
Let i(h) be the third derivative of h**4/24 - 2*h**3 - 644*h**2. Let z(w) = w**3 + w + 6. Let t be z(0). Calculate i(t).
-6
Let l(o) = 2*o**2 + 5*o - 2. Suppose -86*v - 156 = -47*v. Calculate l(v).
10
Suppose 2 = -u - 4. Let q be ((-2)/4)/((-3)/u). Let w(z) = -1 + 9*z**2 - z - 9*z**2 - 11*z**2. What is w(q)?
-11
Let o(f) be the first derivative of -3*f**2/2 + f + 1. Suppose -3*u - 5*s + 88 = 0, s - 20 + 57 = 2*u. Suppose -17*c = -u*c + 8. Give o(c).
-5
Let i(r) = -3*r + 5. Suppose 0 = 27*q - 14*q - 91. Give i(q).
-16
Suppose -1 = -2*x + 3. Let k(u) = 5*u + 2*u**x - u**3 + 0*u**3 + 3*u**2 + 8. Let z = 2864 - 2858. What is k(z)?
2
Suppose 6 = -2*j, -2*j + 0 = -4*k + 18. Let i(x) = -x**3 + 4*x**2 - 5*x + 2. Calculate i(k).
-4
Let k(l) be the third derivative of l**6/60 + l**5/10 + l**4/8 + l**3 - 514*l**2. What is k(-4)?
-38
Let m(l) = -32 + 4*l**2 + l - 3*l**2 - 17*l. Let i be m(18). Let o(x) = x**3 - 5*x**2 + 4*x - 6. Give o(i).
-6
Suppose 4*t + 13 = d - 2*d, -5*t = -5*d + 35. Let o(z) be the first derivative of 3*z**2 + 1 + 1/3*z**3 + 4*z. Calculate o(t).
-4
Suppose v + 21 = -z + 23, 12 = 3*v. Let p(t) = -2*t**3 - 2*t**2 - 3*t - 2. Give p(z).
12
Let m(g) = g**2 - 6*g - 